 39.
38
What is the remainder when 8638 is divided by 201?
196
Calculate the remainder when 63335 is divided by 52.
51
What is the remainder when 119393 is divided by 379?
8
Calculate the remainder when 683284 is divided by 341633.
18
Calculate the remainder when 750 is divided by 623.
127
Calculate the remainder when 91895 is divided by 741.
11
What is the remainder when 9090 is divided by 107?
102
Calculate the remainder when 3197 is divided by 792.
29
Calculate the remainder when 46512 is divided by 1409.
15
Calculate the remainder when 8986 is divided by 466.
132
What is the remainder when 150505 is divided by 216?
169
Calculate the remainder when 129288 is divided by 213.
210
Calculate the remainder when 163781 is divided by 163743.
38
What is the remainder when 191216 is divided by 12?
8
Calculate the remainder when 20651 is divided by 36.
23
Calculate the remainder when 5530 is divided by 1375.
30
What is the remainder when 795879 is divided by 101?
100
Calculate the remainder when 12147 is divided by 450.
447
What is the remainder when 14875 is divided by 240?
235
What is the remainder when 85175 is divided by 2129?
15
Calculate the remainder when 77170 is divided by 208.
2
Calculate the remainder when 8010 is divided by 44.
2
What is the remainder when 2591 is divided by 510?
41
Calculate the remainder when 2010 is divided by 24.
18
What is the remainder when 6494 is divided by 2784?
926
What is the remainder when 1625 is divided by 669?
287
Calculate the remainder when 13608 is divided by 136.
8
Calculate the remainder when 1920993 is divided by 49.
46
What is the remainder when 539238 is divided by 26?
24
Calculate the remainder when 250710 is divided by 801.
798
What is the remainder when 252923 is divided by 64?
59
What is the remainder when 7046 is divided by 64?
6
Calculate the remainder when 16762 is divided by 130.
122
What is the remainder when 31236 is divided by 22?
18
What is the remainder when 13042 is divided by 379?
156
Calculate the remainder when 57338 is divided by 442.
320
Calculate the remainder when 5250516 is divided by 1697.
1695
What is the remainder when 171686 is divided by 3238?
72
What is the remainder when 3925 is divided by 1266?
127
What is the remainder when 215060 is divided by 572?
560
Calculate the remainder when 4268 is divided by 97.
0
Calculate the remainder when 7884 is divided by 344.
316
What is the remainder when 76803 is divided by 364?
363
Calculate the remainder when 245816 is divided by 33.
32
What is the remainder when 436553 is divided by 365?
13
Calculate the remainder when 3369 is divided by 170.
139
Calculate the remainder when 481291 is divided by 262.
259
What is the remainder when 7770 is divided by 1549?
25
What is the remainder when 9745 is divided by 3240?
25
What is the remainder when 393706 is divided by 654?
652
What is the remainder when 37590 is divided by 418?
388
Calculate the remainder when 760 is divided by 133.
95
Calculate the remainder when 17379 is divided by 164.
159
What is the remainder when 3895 is divided by 2?
1
Calculate the remainder when 1392 is divided by 1379.
13
Calculate the remainder when 5442 is divided by 1358.
10
What is the remainder when 547843 is divided by 24?
19
Calculate the remainder when 76159 is divided by 224.
223
Calculate the remainder when 20354 is divided by 5085.
14
Calculate the remainder when 45430 is divided by 23.
5
Calculate the remainder when 650 is divided by 260.
130
Calculate the remainder when 234163 is divided by 382.
379
Calculate the remainder when 34482 is divided by 10588.
2718
What is the remainder when 50712 is divided by 373?
357
Calculate the remainder when 4166 is divided by 356.
250
Calculate the remainder when 9234 is divided by 179.
105
What is the remainder when 510 is divided by 56?
6
Calculate the remainder when 12856 is divided by 44.
8
What is the remainder when 56770 is divided by 334?
324
What is the remainder when 1095985 is divided by 60888?
1
Calculate the remainder when 728134 is divided by 11377.
6
What is the remainder when 10813 is divided by 169?
166
What is the remainder when 35850 is divided by 394?
390
Calculate the remainder when 6419 is divided by 303.
56
Calculate the remainder when 9604 is divided by 400.
4
What is the remainder when 192334 is divided by 53?
50
Calculate the remainder when 6962 is divided by 3472.
18
Calculate the remainder when 63128 is divided by 2875.
2753
What is the remainder when 298079 is divided by 8?
7
Calculate the remainder when 1728 is divided by 67.
53
Calculate the remainder when 112471 is divided by 41.
8
What is the remainder when 2076 is divided by 686?
18
Calculate the remainder when 4993 is divided by 262.
15
Calculate the remainder when 8671 is divided by 2166.
7
What is the remainder when 696 is divided by 405?
291
Calculate the remainder when 4249 is divided by 79.
62
What is the remainder when 10662 is divided by 62?
60
Calculate the remainder when 21133 is divided by 622.
607
Calculate the remainder when 6304 is divided by 113.
89
Calculate the remainder when 63661 is divided by 15915.
1
What is the remainder when 1138 is divided by 230?
218
Calculate the remainder when 1389197 is divided by 40.
37
What is the remainder when 43905 is divided by 56?
1
Calculate the remainder when 1486 is divided by 719.
48
What is the remainder when 28224 is divided by 137?
2
Calculate the remainder when 417 is divided by 208.
1
Calculate the remainder when 169530 is divided by 7.
4
Calculate the remainder when 118888 is divided by 58.
46
Calculate the remainder when 452418 is divided by 21543.
15
Calculate the remainder when 4027 is divided by 250.
27
What is the remainder when 11883 is divided by 218?
111
Calculate the remainder when 2135 is divided by 408.
95
Calculate the remainder when 239256 is divided by 67.
66
What is the remainder when 57290 is divided by 796?
774
What is the remainder when 2702 is divided by 2594?
108
Calculate the remainder when 13674 is divided by 6832.
10
Calculate the remainder when 1860 is divided by 96.
36
Calculate the remainder when 574 is divided by 544.
30
What is the remainder when 470729 is divided by 85?
84
Calculate the remainder when 2105 is divided by 184.
81
What is the remainder when 12988 is divided by 997?
27
Calculate the remainder when 232973 is divided by 33270.
83
What is the remainder when 5040 is divided by 1438?
726
Calculate the remainder when 7122 is divided by 119.
101
What is the remainder when 4857 is divided by 19?
12
What is the remainder when 3875 is divided by 6?
5
What is the remainder when 4024 is divided by 130?
124
What is the remainder when 23295 is divided by 112?
111
What is the remainder when 24574 is divided by 367?
352
What is the remainder when 982 is divided by 243?
10
What is the remainder when 1243 is divided by 217?
158
What is the remainder when 356718 is divided by 65?
63
Calculate the remainder when 20425 is divided by 309.
31
Calculate the remainder when 37729 is divided by 64.
33
Calculate the remainder when 60887 is divided by 354.
353
Calculate the remainder when 17359 is divided by 412.
55
Calculate the remainder when 44454 is divided by 11096.
70
What is the remainder when 13673 is divided by 215?
128
Calculate the remainder when 285066 is divided by 25914.
12
Calculate the remainder when 865941 is divided by 14.
13
What is the remainder when 24329 is divided by 5?
4
Calculate the remainder when 418964 is divided by 9.
5
Calculate the remainder when 90989 is divided by 160.
109
Calculate the remainder when 123213 is divided by 327.
261
Calculate the remainder when 28916 is divided by 9.
8
What is the remainder when 4392 is divided by 271?
56
What is the remainder when 5316 is divided by 5289?
27
Calculate the remainder when 1713 is divided by 127.
62
What is the remainder when 2624 is divided by 9?
5
Calculate the remainder when 367162 is divided by 868.
866
Calculate the remainder when 800 is divided by 98.
16
What is the remainder when 1048 is divided by 716?
332
What is the remainder when 1279831 is divided by 639908?
15
Calculate the remainder when 3853041 is divided by 234.
231
Calculate the remainder when 5002 is divided by 60.
22
Calculate the remainder when 51604 is div